*b**3/3 - 4*b**2. Calculate a(s).
0
Let i(r) = 3*r**2 + r - 2. Suppose d + 24 = 5*d. Let a = -8 + d. Give i(a).
8
Let r be 8/28 - (26/(-7) + -1). Let f(v) = -v + 5. Determine f(r).
0
Suppose o - 25 = -4*o. Let b(s) be the third derivative of -s**2 + 0 - 1/6*s**4 - 7/6*s**3 + 0*s + 1/60*s**5. Calculate b(o).
-2
Suppose 0*h - 2*h = -2*t + 6, 0 = -2*t - 4*h. Let i(q) = -q**3 + 5*q**2 - 3*q. Determine i(t).
6
Let c(u) = u**3 + u**2 - 2*u - 1. Let b be (7/2)/(3/6). Suppose -4*h + 3*v - 5*v = -26, 4*h - v = 41. Let g = h - b. Determine c(g).
7
Suppose 4*s = 20, -5*g + 25 = 5*s - 0*s. Let a(r) = 5 + 2*r + g - 4. What is a(-3)?
-5
Let i(n) be the third derivative of n**6/24 - n**5/60 + 14*n**2. Calculate i(-1).
-6
Let l(y) = 3*y + 3. Let q be 3/(9/6 - 0). Suppose q*t = -2*t + 3*s + 4, 0 = -5*t + 4*s + 6. Let r be l(t). Let u(a) = -2*a**2 - 2*a + 4. Give u(r).
-8
Let o = 21 - 16. Let p(i) = 5 + 2*i - 2*i - i. Determine p(o).
0
Let n(i) be the first derivative of 3*i**2/2 + 6*i - 8. Let p = 7 + -11. Give n(p).
-6
Let z(u) = -6*u**2 + u + 1. Let l(d) = -d**2 + 6*d - 6. Let w be l(4). Suppose w*a - 2 = 4*a. Determine z(a).
-6
Let f = 11 + -8. Let v(a) = -11*a + 4. Let i(s) = -5*s + 2. Let g(h) = f*v(h) - 7*i(h). Determine g(-2).
-6
Suppose -5*k + 15 + 0 = 0. Suppose -2*f + 8 - 4 = 0. Let h(j) = -k + 2*j + 6*j**2 + 0 - 5*j**f. What is h(-4)?
5
Let j(o) = 6*o - 9. Let u(w) = 5*w - 8. Let d(t) = -6*j(t) + 7*u(t). Let c = 46 + -50. What is d(c)?
2
Let v(y) = 2*y - 1. Suppose k + 36 - 31 = 0. Give v(k).
-11
Let j(m) be the third derivative of m**5/60 + m**3/3 + 2*m**2. Suppose -1 = -2*r - 3. Let h be (r - -1)/((-2)/(-1)). Calculate j(h).
2
Let r(u) = -6363 + 0*u + 5*u + 6364. Determine r(1).
6
Let t(b) = -b**2 + 6*b + 3. Let v be t(6). Let h(c) = -c**v - c**2 - 5*c - c**2 - 2 - 4*c**2. Calculate h(-5).
-2
Let t(b) = 2*b**2 + 4*b + 3. Suppose -8*q + 9*q = 22. Let p = q - 25. What is t(p)?
9
Suppose -2*p - 1 = -3. Suppose -a - 1 - p = 0. Let v(h) = -h**3 + h + 1. What is v(a)?
7
Let w(t) = 3*t**2 + 5*t - 8. Let s(r) = -7*r**2 - 11*r + 17. Let l(y) = 6*s(y) + 13*w(y). Let h be (-1)/((-1)/(-2 + 1)) + -1. What is l(h)?
-12
Let m be 1 + 4/80 - 1. Let v(c) be the third derivative of 0 - 1/24*c**4 + m*c**5 + 0*c**3 + c**2 + 0*c. What is v(-1)?
4
Let u(a) = 2*a**3 - a**2 + 1. Let r be u(1). Let l(m) be the first derivative of m**4/2 - m**3 + m**2/2 - m - 3. Determine l(r).
5
Let z(x) = -x. Let k = 14 + -6. Suppose 9*g = 7*g + k. Give z(g).
-4
Let c(m) = m + 2. Let q(f) = f - 9. Let w be q(7). Determine c(w).
0
Suppose -3*m + 21 = 30. Let c(v) = v**3 + 3*v**2 + 3*v + 3. Give c(m).
-6
Let y(k) = 2*k**2 + k + 1. Suppose 5 - 8 = -3*w. Suppose 5*l - 3*m + w = -0*m, 5*m = -15. Calculate y(l).
7
Let q(d) = -d + 2. Let o be q(0). Let a(h) = -h**2 + h. Give a(o).
-2
Suppose -13*g + 9 = -17. Let f(r) = -2*r**2 + 1. Determine f(g).
-7
Let m(z) = z**2 + 4*z - 6. Let s be m(-6). Let o(a) = -15*a**2 + 15*a - 16. Let u(k) = 7*k**2 - 7*k + 8. Let x(r) = s*o(r) + 13*u(r). Give x(0).
8
Let u(h) = -h**2 - 5*h - 2. Let v(b) = b**2 - 16*b + 12. Let w be v(15). Determine u(w).
4
Let q(b) be the second derivative of b**3/6 + b**2 - 9*b. Give q(0).
2
Let x = 37 - 42. Let p(y) = y**2 + 4*y - 1. Give p(x).
4
Let c(g) = g**3 + 7*g + 4*g**3 - 6*g**3 - 3*g**2 + 3 - 4*g. What is c(-4)?
7
Let n(k) be the first derivative of k**2/2 - 19. Determine n(2).
2
Let d(g) = -g + 3 + 2*g + 0*g. Determine d(-5).
-2
Let r(a) = a - 7. Let s(n) = -2*n**3 + n**2 + 2*n + 1. Let i be s(-1). Suppose i*v - 5 = l, 0 = l + 2*v + v - 20. What is r(l)?
-2
Let y = 1 - 1. Suppose 2*v + r - 1 = y, 2*v + 2*r = -3 + 1. Let j(q) = -5 + 2 + v - 4*q. What is j(-1)?
3
Let d(t) = -t**3 + 6*t**2 + 2*t - 3. Suppose -2*q - 5 = y + 1, 0 = 3*q + y + 11. Let s(z) = -z + 1. Let l be s(q). Determine d(l).
9
Suppose -2*x - 9 = -31. Suppose -r = -4*r - 5*h + 18, -5*r - 2*h + x = 0. Let a(v) = -9*v - v**3 + 9*v - r - v**2. Determine a(0).
-1
Let x(s) = -s. Suppose 0 = -19*u + 14*u + 25. Calculate x(u).
-5
Let o = 15 - 13. Let h(v) = -v**3 + 2*v. Determine h(o).
-4
Let l(g) = -g**3 - 7*g**2 + 8*g - 5. Let j be l(-8). Let m(h) = h**2 + 6*h + 4. Give m(j).
-1
Suppose -2*h - 10 = 4*m, -3*m = 4*h - 0*h + 10. Let r be 3*(1 - (-2 - -2)). Let q(n) = 2 - n**3 - 1 + n**2 + 2*n**r. Determine q(m).
-3
Let x(w) be the second derivative of w**8/3360 + w**7/2520 - w**5/120 - w**4/12 + 4*w. Let s(d) be the third derivative of x(d). What is s(1)?
2
Let n(w) be the first derivative of w**4/24 - 4*w**3/3 - 5*w**2/2 - 2. Let t(x) be the second derivative of n(x). What is t(0)?
-8
Let v(k) = 0*k - k**2 + 0*k. Let l = 28 - 29. Calculate v(l).
-1
Let l(q) = -1. Let i(z) = 4*z - 3. Let d(s) = i(s) - 3*l(s). Let j be d(-2). Let f(r) = -r**2 - 8*r + 4. What is f(j)?
4
Suppose 3*h = -h - 4*t + 36, -5*h = t - 29. Let g(s) = s**3 - 6*s**2 + 8*s - 4. Determine g(h).
11
Let x(q) = q + 10. Let t be x(6). Suppose 4 = -4*b + t. Let l(a) = -a**3 + 3*a**2 + 2*a. Determine l(b).
6
Let q(o) = o**2 - 7*o + 5. Let w be q(4). Let x(a) = -a**2 - 6*a + 6. Let k be x(w). Let t be (-2)/(3 + k) + -1. Let d(p) = 3*p. Give d(t).
-6
Suppose -r - 15 = -6*r. Let h(d) be the second derivative of d**6/360 - d**4/6 + d**3/3 - 4*d. Let f(b) be the second derivative of h(b). Determine f(r).
5
Let o(t) = t**3 - 4*t**2 + 3*t + 3. Let w be o(3). Let r(q) = -q**3 + q**2 + 3*q - 2. Calculate r(w).
-11
Suppose 70 = 16*y - 30*y. Let g(o) = 5*o - 6. What is g(y)?
-31
Let o(b) = -3*b - 1. Suppose 4*v - 26 = -3*r, 0*r + 3*v = r + 13. What is o(r)?
-7
Let l(f) = -f - 3. Let a be l(-3). Let h(u) = -u**3 + 5*u**2 - u**2 + a*u**3. Calculate h(3).
9
Let r(c) = -c + 2. Let i be r(6). Let j(b) = -b**2 - 8*b - 4. Calculate j(i).
12
Let o = 4 - 2. Suppose 4*x = -o + 10. Let k(y) = -y - y**2 + 2*y**2 - x*y**2 - 2. Calculate k(0).
-2
Let p(o) = o**2 - 3*o - 4. Let q(h) = h**3 - 3*h**2 - 3*h + 3. Let g be q(4). Let y be (-69)/(-21) + (-2)/g. Calculate p(y).
-4
Let g(z) = -2*z - 1. Let k(n) = -10*n + 66. Let w be k(7). What is g(w)?
7
Let b be (-2)/3 + (-10)/3. Let u(z) = -z**3 - 5*z**2 - 7*z - 6. Determine u(b).
6
Let o(y) be the third derivative of y**6/360 + y**5/60 - y**4/24 + y**2. Let w(r) be the second derivative of o(r). Give w(3).
8
Let b(v) = 3 + 3*v + v + 0 - 2*v. Let d be b(-3). Let i(p) = p + 2. Give i(d).
-1
Let s(c) = -c - 6. Suppose -14 = 5*g + 26. What is s(g)?
2
Suppose -r + 2*r + 16 = -3*a, 5*r + 5*a + 30 = 0. Let y(k) = k**2 - k. Let h(s) = 6*s**2 + s - 1. Let o(u) = r*h(u) + y(u). Give o(1).
-6
Let r(s) = 7*s**2. Suppose 3*o - 22 = -4. Suppose -o = u - 3*u. Suppose 5*t = -5*m, 0*t = -2*m + t + u. Determine r(m).
7
Suppose 39 = 5*i + 8*i. Let r(f) = 2*f**3 - 2 - 7*f**2 + 3*f**2 + 3*f - f**3. Give r(i).
-2
Let a(y) = -4*y**2 - 9*y - 6. Let n(x) = x + 1. Let h(o) = a(o) + 3*n(o). Let m(g) = 4*g**2 + 7*g + 4. Let c(f) = 4*h(f) + 3*m(f). Calculate c(-2).
-10
Let l(k) = -k**3 + 5*k**2 + 6*k. Let q be l(6). Let d = 18 + q. Let b(t) = 19 - t - 2*t - d. Calculate b(2).
-5
Let b(t) = -t**3 + 8*t**2 - 2*t + 11. Let l(s) = -s**3 - 16*s**2 - 17*s - 22. Let y be l(-15). Give b(y).
-5
Let a(t) = t. Let n = -11 + 2. Let p = n + 4. Determine a(p).
-5
Suppose 3*n + 0*n + 6 = 0. Let z(t) be the second derivative of t**5/20 - t**3/2 - t**2 + t. What is z(n)?
-4
Let c(z) be the first derivative of z**3/3 - z**2 + 2*z + 18. What is c(2)?
2
Let l(y) be the second derivative of -1/2*y**2 + 1/20*y**5 + 5/12*y**4 - 4*y + 0 - y**3. Give l(-6).
-1
Let y(c) = -5*c**2 - 11. Let o(q) = 3*q**2 + 7. Let b be 1/(5/2)*-20. Let m(j) = b*o(j) - 5*y(j). Let v = 13 + -12. Calculate m(v).
0
Let q = -8 - -9. Let o = 6 + -4. Let z(s) = s**3 - s**2 - s + 1. Let d(p) = -p**3. Let j(m) = o*d(m) + z(m). Give j(q).
-2
Let i(w) = w**2 - 14*w + 14*w + 15*w**3. Calculate i(1).
16
Suppose 2*h - 9 = -1. Suppose 0 = 2*n + 8 + h. Let i(r) = -r**3 - 7*r**2 - 4*r + 8. Give i(n).
-4
Let j(c) be the first derivative of c**4/4 - 4*c**3/3 + c**2/2 + 4*c - 7. What is j(3)?
-2
Suppose 0 = -5*b - 5 + 25. Let g(a) = -a**2 + 4*a. Determine g(b).
0
Let c(d) = -d**3 + 4*d**2 + 2*d + 5. Let f(t) = t**2 + 11. Let w be f(0). Suppose 36 = 5*m + w. Give c(m).
-10
Let t(c) = 13*c - 6. Let m(v) = -14*v + 7. Let q(p) = -5*m(p) - 6*t(p). Give q(-1).
9
Let y(b) be the t